s the units digit of 1635683370?
0
What is the tens digit of 1987179127?
2
What is the hundreds digit of 132557038?
0
What is the thousands digit of 30979303?
9
What is the ten thousands digit of 91059072?
5
What is the ten millions digit of 3821268206?
2
What is the hundreds digit of 1279554581?
5
What is the hundred thousands digit of 768975281?
9
What is the ten millions digit of 1176991674?
7
What is the tens digit of 45141311?
1
What is the ten millions digit of 10599353?
1
What is the tens digit of 971545535?
3
What is the tens digit of 60754091?
9
What is the ten millions digit of 332412480?
3
What is the ten thousands digit of 53271475?
7
What is the ten thousands digit of 271664?
7
What is the units digit of 90791092?
2
What is the thousands digit of 61428530?
8
What is the hundreds digit of 882743304?
3
What is the ten thousands digit of 12321751?
2
What is the ten millions digit of 4910474311?
1
What is the millions digit of 8012242?
8
What is the millions digit of 11107635?
1
What is the tens digit of 195823753?
5
What is the thousands digit of 72514486?
4
What is the units digit of 1992253408?
8
What is the ten thousands digit of 33099581?
9
What is the ten thousands digit of 842695081?
9
What is the ten millions digit of 62536545?
6
What is the billions digit of 1274206363?
1
What is the thousands digit of 10995665?
5
What is the hundred millions digit of 319582740?
3
What is the ten thousands digit of 3168207283?
0
What is the hundred thousands digit of 364317107?
3
What is the ten millions digit of 658637656?
5
What is the ten millions digit of 42980749?
4
What is the ten thousands digit of 65908322?
0
What is the tens digit of 225068357?
5
What is the millions digit of 86321860?
6
What is the ten thousands digit of 151724937?
2
What is the hundreds digit of 6055137?
1
What is the tens digit of 4688107405?
0
What is the ten thousands digit of 946227356?
2
What is the billions digit of 1345166368?
1
What is the billions digit of 3006241567?
3
What is the thousands digit of 295829691?
9
What is the thousands digit of 4265785192?
5
What is the millions digit of 22171669?
2
What is the billions digit of 3675237534?
3
What is the billions digit of 2384749994?
2
What is the tens digit of 44374524?
2
What is the hundreds digit of 79726391?
3
What is the ten thousands digit of 599945012?
4
What is the millions digit of 34995441?
4
What is the hundred millions digit of 3068225108?
0
What is the units digit of 26355340?
0
What is the thousands digit of 1469130099?
0
What is the ten thousands digit of 94061191?
6
What is the tens digit of 33396131?
3
What is the tens digit of 67682173?
7
What is the units digit of 2108516413?
3
What is the ten millions digit of 39320654?
3
What is the thousands digit of 2700923076?
3
What is the hundred thousands digit of 727191581?
1
What is the thousands digit of 42969604?
9
What is the ten millions digit of 444325067?
4
What is the thousands digit of 5139352545?
2
What is the units digit of 37564717?
7
What is the units digit of 1706102885?
5
What is the units digit of 49245737?
7
What is the ten millions digit of 1676356528?
7
What is the hundred millions digit of 207742960?
2
What is the tens digit of 86560773?
7
What is the ten thousands digit of 81681219?
8
What is the millions digit of 18840605?
8
What is the ten millions digit of 209676286?
0
What is the thousands digit of 92874474?
4
What is the hundred thousands digit of 7201043581?
0
What is the hundred thousands digit of 23880533?
8
What is the millions digit of 30552589?
0
What is the hundreds digit of 165079180?
1
What is the ten millions digit of 3134788479?
3
What is the hundreds digit of 142918815?
8
What is the ten thousands digit of 111811915?
1
What is the hundred millions digit of 874446047?
8
What is the millions digit of 133283106?
3
What is the ten millions digit of 36365939?
3
What is the ten thousands digit of 406029260?
2
What is the hundred millions digit of 3816464604?
8
What is the billions digit of 2744266495?
2
What is the units digit of 949697730?
0
What is the millions digit of 302093716?
2
What is the millions digit of 116795650?
6
What is the billions digit of 7082248486?
7
What is the thousands digit of 45869473?
9
What is the ten millions digit of 77923018?
7
What is the ten thousands digit of 28368679?
6
What is the ten thousands digit of 3377494829?
9
What is the hundred thousands digit of 1568763817?
7
What is the units digit of 3466479257?
7
What is the ten millions digit of 66451652?
6
What is the units digit of 38076829?
9
What is the hundred thousands digit of 1278319568?
3
What is the millions digit of 17716418?
7
What is the hundred millions digit of 641378432?
6
What is the tens digit of 79204411?
1
What is the millions digit of 28856614?
8
What is the ten millions digit of 23865836?
2
What is the hundred thousands digit of 842775443?
7
What is the millions digit of 1154499805?
4
What is the thousands digit of 43195108?
5
What is the tens digit of 49784986?
8
What is the units digit of 96566459?
9
What is the units digit of 5503479566?
6
What is the thousands digit of 5879674?
9
What is the units digit of 680052107?
7
What is the hundred thousands digit of 4762602358?
6
What is the units digit of 34899098?
8
What is the hundreds digit of 5345663797?
7
What is the tens digit of 209040217?
1
What is the tens digit of 391416851?
5
What is the millions digit of 108176793?
8
What is the millions digit of 416115813?
6
What is the thousands digit of 552932860?
2
What is the ten millions digit of 1074733673?
7
What is the units digit of 4940499?
9
What is the hundred thousands digit of 3113075640?
0
What is the ten millions digit of 165645113?
6
What is the hundreds digit of 94058148?
1
What is the hundred thousands digit of 334812475?
8
What is the tens digit of 604037508?
0
What is the millions digit of 697374941?
7
What is the hundreds digit of 1686282484?
4
What is the hundred thousands digit of 595084264?
0
What is the millions digit of 753711183?
3
What is the ten thousands digit of 218196337?
9
What is the ten millions digit of 31447096?
3
What is the hundreds digit of 52012691?
6
What is the thousands digit of 31031017?
1
What is the hundreds digit of 1203018628?
6
What is the hundred thousands digit of 89958275?
9
What is the thousands digit of 927434457?
4
What is the thousands digit of 110103765?
3
What is the hundreds digit of 990237832?
8
What is the hundreds digit of 548527176?
1
What is the units digit of 98990606?
6
What is the ten thousands digit of 10746479?
4
What is the hundred thousands digit of 817021592?
0
What is the hundred thousands digit of 990887913?
8
What is the hundreds digit of 295179811?
8
What is the ten millions digit of 96795481?
9
What is the hundreds digit of 99781515?
5
What is the units digit of 2686204166?
6
What is the ten thousands digit of 107037315?
3
What is the ten millions digit of 2130859111?
3
What is the millions digit of 194903541?
4
What is the hundreds digit of 20510374?
3
What is the ten thousands digit of 832433387?
3
What is the thousands digit of 34147208?
7
What is the hundreds digit of 117328847?
8
What is the hundred millions digit of 546428104?
5
What is the ten thousands digit of 229492426?
9
What is the ten millions digit of 241889913?
4
What is the millions digit of 487813592?
7
What is the units digit of 4623666839?
9
What is the billions digit of 3232222461?
3
What is the hundred millions digit of 3414204508?
4
What is the thousands digit of 2152090769?
0
What is the units digit of 495585300?
0
What is the tens digit of 67833741?
4
What is the tens digit of 45704315?
1
What is the tens digit of 1320344374?
7
What is the ten millions digit of 270624625?
7
What is the hundred thousands digit of 41673013?
6
What is the tens digit of 691613116?
1
What is the hundred millions digit of 862197826?
8
What is the ten thousands digit of 963336419?
3
What is the ten thousands digit of 3689287719?
8
What is the hundred thousands digit of 60115106?
1
What is the hundreds digit of 179491750?
7
What is the hundreds digit of 144500184?
1
What is the hundreds digit of 26529393?
3
What is the ten thousands digit of 62454605?
5
What is the units digit of 22592897